) = b**3 - 18*b**2 + 2*b - 42. Let a be s(18). Give f(a).
7
Let y(t) = 17*t**2 + t - 3. Let j(s) = -54*s**2 - 3*s + 8. Let k(p) = -6*j(p) - 19*y(p). What is k(0)?
9
Let y(f) = -4*f + 2. Let m be y(-1). Let i(c) = c - m + 8 - 4. Let w be i(3). Let z(k) = 6*k**2 - 1. Calculate z(w).
5
Suppose 6*r - 3*r = 5*i - 50, -i + 3*r = 2. Suppose i*y - 10*y = 12. Let q(n) = n - 3. Determine q(y).
1
Let g(p) = 19*p**2 - 70*p**2 - p**3 + 38*p**2 + 6. Give g(-13).
6
Let q(c) = -77*c. Let g(y) = 14*y. Let f = -30 - -25. Let r(x) = f*q(x) - 28*g(x). Determine r(-2).
14
Let q(p) = p**2 + 2*p + 3. Let f(u) = u**2 - 5*u - 2. Let g = -25 + 30. Let h be f(g). Determine q(h).
3
Let k(f) = f**3 + 7*f**2 + 3*f. Let h(o) = -4*o**2 - 11*o - 3. Let s be h(-3). Calculate k(s).
18
Let l(d) = 4 + 0 + 0*d - 2*d - 1. Suppose 4*n = -4*g + 12, 0 = -0*g + 4*g - 3*n - 19. Suppose 2*k - 4 = k, 2*k - 28 = -g*q. Give l(q).
-7
Let f(k) = k - 4. Let r be f(6). Let x(g) = 0*g**r - 2*g**2 - 2*g**2 + 3*g**2 + 4*g + 8. What is x(6)?
-4
Let x(s) = s**3 - 5*s**2 - 2*s - 2. Let k(a) = a**2 - 16*a + 5. Let i be k(16). What is x(i)?
-12
Let j(g) = 4*g**2 + 4 + 3*g**2 - g**3 - 3 - 6*g**2 - 14*g + 8*g**2. Give j(7).
1
Let s(p) = 0*p**2 - 2*p**2 + 144 - 6*p**2 + 3*p**2 - 148 - 4*p - p**3. Let h = 2 - 6. Give s(h).
-4
Let r(a) = a**2 + 21*a + 14. Suppose -8*y - 96 = -3*y + x, -5*x + 120 = -5*y. Let m be r(y). Let b(o) = 5*o + 7. What is b(m)?
-23
Let c be 12*(0 - ((-5)/2 + 1)). Suppose -2*h + 12 = -4*i + 9*i, 3*h - i - c = 0. Let j(f) = -f**2 + 7*f + 3. Determine j(h).
9
Let x(z) be the first derivative of -2 - 2*z - 1/3*z**3 - 1/3*z**4 + 0*z**2 - 1/20*z**5. Let p(g) be the first derivative of x(g). Give p(-3).
-3
Let l(s) = 4*s**3 + 2*s**2 + 3*s - 6. Let j(u) = 3*u**3 + 3*u**2 + 2*u - 5. Let c(h) = 5*j(h) - 4*l(h). Give c(6).
23
Let g(r) = 11*r + 416. Let x be g(-38). Let q(i) = -15*i**2 - 3*i - 2. Give q(x).
-56
Suppose -25*t + 26*t = 2*l - 40, 3*t + 30 = l. Let x(g) = g**2 - 17*g - 23. Determine x(l).
-5
Let k(q) be the first derivative of q**4/24 - 7*q**3/6 - q**2/2 + 6. Let b(a) be the second derivative of k(a). Calculate b(0).
-7
Let n be (-9 - 3/(-1))/(-2). Let l(b) = 8 - n - 64*b + 57*b. Determine l(4).
-23
Let a(n) = 4*n - 2 + 9*n**3 - 1899*n**2 + 1898*n**2 - n. Determine a(2).
72
Let m be 3*1/3*4. Suppose -5*d + 12 - 2 = 0. Let g(i) = -4*i - 1 + i - d. Give g(m).
-15
Suppose 3*l + 11 = 4*p, -4*p - 2*l + 9 = -3*l. Suppose -5*t + 3*b = 4*b - 10, 0 = 2*b - 10. Let f(u) = -t + 14*u**2 + p*u + 3*u - 15*u**2. Calculate f(5).
-1
Let o(h) be the first derivative of -h**4/4 - 8*h**3/3 - 3*h**2/2 - 9*h + 399. Calculate o(-8).
15
Let i be (4/6)/((-2)/3). Let j(d) = 40*d - 48. Let q(u) = u - 1. Let s(l) = i*j(l) + 48*q(l). Suppose -c + 9 = -4*f, -c + 2*f - 7*f - 9 = 0. Give s(c).
8
Let v(j) = 2*j**3 - 9*j**2 + 5*j - 8. Let h be v(4). Let a(w) = w + 2. Let c(x) = -3*x - 9. Let l(s) = h*c(s) - 18*a(s). Give l(-4).
24
Let k(a) = -a**2 - a - 2. Let v be k(0). Let d(l) = l**2 - 7*l - 20. Let t(r) = -2*r**2 + 8*r + 25. Let m(f) = 5*d(f) + 4*t(f). What is m(v)?
-6
Let z(u) = u + 2 - 2. Let h be 1 - -1 - (4 + 0). Let n be (-15 - -19) + 4/h. Calculate z(n).
2
Let o(r) = 1. Let u(m) = -4*m + 1. Let i(s) = 4*o(s) + u(s). Let p(y) = 3*y - 4. Let z(c) = 4*i(c) + 5*p(c). What is z(6)?
-6
Let f(l) = 66*l - 69*l - l**3 + 4 + 0*l**2 + 4*l**2. Let j(z) = -4*z**2 + 26*z - 9. Let p be j(6). Give f(p).
4
Let b(z) be the second derivative of 2*z - 1/20*z**5 + 0 + 1/6*z**4 - 1/2*z**2 + 5/6*z**3. Suppose -5 + 6 = j, -5*m + 22 = 2*j. What is b(m)?
-13
Let g(q) = q**3 - 14*q**2 + 14*q - 19. Let i be (-3)/15*1 - 1650/(-125). Calculate g(i).
-6
Let i(c) be the third derivative of -c**6/120 + c**5/15 + 5*c**3/6 - 834*c**2. Let n be ((-6)/9)/((-3)/18). Give i(n).
5
Let s(l) = l**2 - l + 4. Let b(z) be the second derivative of -z**3/6 + z**2 + 19*z. Let n(j) = j - 1. Let i be n(3). Let u be b(i). Determine s(u).
4
Let n(l) be the third derivative of -l**6/120 + 7*l**5/60 + l**4/3 + 3*l**3/2 - 86*l**2 - 2. Let c = 17 + -9. Calculate n(c).
9
Let s = 28 + -31. Let o be ((-15)/6 - s)*14. Let b(a) = a**2 + 5*a**2 + 4*a - 1 - 5*a**3 + 4*a**3 + 2*a. Calculate b(o).
-8
Let d be (-6)/10 + 112/20. Suppose 2*f + d = 1. Let k(a) = 5*a + 2. Determine k(f).
-8
Let y(v) = 24*v - 4. Let l(q) = 3*q. Let u(i) = 10*l(i) - y(i). Determine u(4).
28
Let u be -2*(-3)/(-6)*-5. Let o(b) = b**2 - 1. Let j(n) = n**3 - 2*n - 5. Let y be j(0). Let c(v) = v**2 - v. Let w(s) = y*o(s) + 6*c(s). Calculate w(u).
0
Suppose 1091*n = 1074*n - 170. Let r(p) = p**3 + 8*p**2 - 20*p + 8. Give r(n).
8
Suppose 0 = -2*i + 4*u + 24, 0 = 2*i - 3*u - 0*u - 19. Suppose -2*t - 3*b + 38 = i*t, -2*t = b - 18. Let p(w) = -84*w - t + 83*w + 0. What is p(-5)?
-3
Let p(x) = -14*x + 1. Let d(q) = q**2 - 20*q + 97. Let g be d(9). What is p(g)?
29
Suppose 0 = 224*n - 235*n - 33. Let g(p) = -5*p. Determine g(n).
15
Let k(o) = 4*o. Let v be 35/25 - 2 - 12/5. Determine k(v).
-12
Let x(g) = g + 2. Let a = 27 + -21. Let p(o) = 8*o - 53. Let y be p(a). Calculate x(y).
-3
Suppose -6 = -2*f + 14. Let s(c) = 0*c + f + 5*c - 3*c. Determine s(-7).
-4
Suppose -3*y = -3 - 3. Suppose -y*r + 8 = 2*r. Let b(q) = -8 + q + 0*q + q**r - 2*q. Give b(0).
-8
Let c(n) = -12*n**2 - 228*n - 7. Let v be c(-19). Let w(m) = m**2 + 4*m - 19. What is w(v)?
2
Let x = 13 + -7. Let k(r) be the first derivative of 3*r**2 - 9*r - 11. Let y(i) = -11*i + 18. Let p(s) = 7*k(s) + 4*y(s). Determine p(x).
-3
Suppose -4 = 3*z - 3*w - 16, -3*z + 10 = -4*w. Let y(m) be the second derivative of m**3/6 - 5*m**2/2 + 10*m. What is y(z)?
1
Let z(s) = -4*s + 48. Let u(w) = -9*w + 329. Let v be u(35). Calculate z(v).
-8
Let j(z) = 0*z + 0*z - 1 + 6*z - z**2. Let t(o) = 81*o - 239. Let b be t(3). What is j(b)?
7
Let d(p) = p**3 + p**2 + 2*p + 1. Let j(a) = -3*a**3 - 10*a**2 - 6*a - 2. Let y(w) = -4*d(w) - j(w). Calculate y(6).
-14
Suppose -3*m = -m - 12. Let n be (-56)/(-26) - (-6)/(-39). Let b(p) = -6*p + 3*p + 7 + n*p. Give b(m).
1
Let p = 101 - 93. Let y(d) = -6 + 3*d**2 + p*d**3 - 9*d**3 + 5*d - 2*d. Determine y(4).
-10
Let z(y) = -y**2 + 12*y + 6. Suppose p - 38 = -2*q - 2*p, -45 = -5*q + 5*p. Let o be z(q). Let n(t) = -t**2 - 4*t + 7. Calculate n(o).
-14
Let m(h) = -2*h**2 + 4*h - 3. Let i(f) = f**2 - 4*f + 3. Let t(l) = 2*i(l) + 3*m(l). Let w(a) = -a + 1. Let o(j) = t(j) + 2*w(j). What is o(1)?
-3
Let m(q) = q - 12*q + 159 + 149 + q**2 - 318. What is m(11)?
-10
Let b(c) = c - 3. Let j(o) = -3*o + 7. Let z(p) = 5*b(p) + 2*j(p). Let a(i) = -8 + 9 + 5*i + 8. Let u(m) = a(m) + 6*z(m). Calculate u(5).
-2
Suppose 2*d = -3*q - 0*d + 18, -2 = -2*q + 2*d. Let u(x) = -1 - x + x**2 + 3 - q*x. Calculate u(7).
16
Let b(t) = t**2 + t + 2. Suppose 8*m - 6*m = 0. Let i = m + 5. Suppose -5*n = -3*k + 25, -i*k = -29 + 4. Calculate b(n).
4
Let v(f) = 5*f - 15. Let m(b) = -6*b + 15. Let r(a) = -4*m(a) - 5*v(a). Suppose 2*x = -33 + 33. Calculate r(x).
15
Suppose h - 24 + 0 = 0. Let j be 6/h - 1/4. Suppose j = 5*f - 1 - 4. Let o(u) = -5*u**3 - u**2 + 1. Give o(f).
-5
Let c(g) = 2*g**2 - 7*g - 8. Let p be c(5). Let z(h) be the second derivative of h**4/12 - 4*h**3/3 + 9*h**2/2 + 2*h. What is z(p)?
2
Let l(o) = 2*o - 20. Let s be l(11). Let n(x) = x + 115*x**s - 3*x - 125*x**2 + 1. Determine n(1).
-11
Let m = -6 - -7. Let u be 171/36 + m/4. Let x(c) = c**2 - 4*c + 2*c - u*c. Give x(5).
-10
Let n(g) = 6*g - 4 - 17*g + 2*g**2 + 5 - 3 + 6. Give n(7).
25
Let y(n) = -4*n**2 - 6*n - 2. Let d(a) = -7*a**2 - 12*a - 4. Let j(i) = -3*d(i) + 5*y(i). Let l(c) = -1. Let x(p) = -j(p) - 4*l(p). Give x(-6).
2
Let c(f) = -f**2 + f. Let i(o) = -13*o + 498. Let x be i(38). What is c(x)?
-12
Let i(a) = -5*a**3 - 2*a**2 - 2*a + 4. Let h(d) = -d**2 + 1. Let y(u) = -3*h(u) + i(u). Let b = 69 - 29. Let v = 41 - b. What is y(v)?
-5
Let y(v) = -v**2 + 14*v + 21. Suppose -8 = 2*x, 3*x = -2*z + 24 - 6. What is y(z)?
6
Let d(v) = -2*v**2 + 30*v - 1. Let c be d(8). Let j = c - 113. Let m(q) = q**3 + 2*q**2. Calculate m(j).
0
Let h be (-18)/24*2/4*-8. Let y(f) be the first derivative of 2*f**h - 2 + 3*f + 3*f**2 + 1/4*f**4. Give y(-4).
11
Let w(j) = -13*j**2 + 27*j - 14. Let s(r) be the second derivative of -7*r**4/12 + 7*r**3/3 - 7*r**2/2 + 13*r. Let c(b) = -11*s(b) + 6*w(b). Wha